19025?
False
Does 4 divide 2467279393?
False
Does 952 divide 1005272016?
True
Is 2689 a factor of 1052993577?
True
Is 1676632481 a multiple of 43?
False
Is 15 a factor of 608475?
True
Is 19 a factor of 27931900?
True
Is 37 a factor of 35768936?
True
Does 41 divide 10643156?
False
Is 8 a factor of 810372?
False
Is 555922437 a multiple of 5526?
False
Does 21 divide 415053114?
True
Does 1663 divide 378889573?
False
Does 38 divide 568966384?
False
Is 9 a factor of 35158680?
True
Is 2528851821 a multiple of 12?
False
Does 514 divide 1890654424?
True
Is 419 a factor of 228399093?
False
Is 398 a factor of 14183537?
False
Is 268922734 a multiple of 865?
False
Is 2415707167 a multiple of 74?
False
Is 236 a factor of 267850942?
False
Is 36925174 a multiple of 94?
True
Is 8 a factor of 16893512?
True
Is 100002960 a multiple of 72?
True
Is 10045617 a multiple of 558?
False
Does 38 divide 253641725?
False
Does 41 divide 2677170459?
False
Does 42 divide 29766576?
True
Is 2405400509 a multiple of 36?
False
Is 1298857870 a multiple of 166?
True
Does 2965 divide 916175800?
False
Is 129025869 a multiple of 147?
True
Is 6910380 a multiple of 12?
True
Is 116010775 a multiple of 215?
True
Is 5 a factor of 281414958?
False
Does 5389 divide 254921256?
True
Is 18610419 a multiple of 25?
False
Is 66251601 a multiple of 240?
False
Does 25 divide 109228954?
False
Is 13 a factor of 391087143?
False
Does 92 divide 19519732?
True
Is 1741848950 a multiple of 257?
False
Is 125 a factor of 25348000?
True
Does 3704 divide 147722928?
True
Is 312 a factor of 1118095?
False
Is 383463910 a multiple of 8?
False
Is 6612 a factor of 432230856?
False
Is 2189307733 a multiple of 2344?
False
Is 123012339 a multiple of 41?
False
Is 2523 a factor of 316265619?
True
Is 125231280 a multiple of 912?
True
Is 75219060 a multiple of 79?
True
Does 603 divide 127330830?
False
Does 136 divide 361152564?
False
Does 163 divide 52515277?
False
Is 48237800 a multiple of 130?
True
Does 8 divide 2544703056?
True
Does 288 divide 88275744?
True
Is 1536908 even?
True
Does 23 divide 379776755?
False
Is 20 a factor of 9924360?
True
Is 226 a factor of 199710172?
False
Is 231503562 a multiple of 6?
True
Is 708942182 a multiple of 23?
False
Is 50213900 a multiple of 239?
True
Is 970586053 a multiple of 403?
False
Does 281 divide 23921811?
True
Is 201430700 a multiple of 3491?
True
Is 257882040 a multiple of 130?
True
Does 271 divide 564364546?
True
Is 681 a factor of 20104482?
True
Is 133075675 a multiple of 90?
False
Is 1688453637 a multiple of 11?
False
Does 542 divide 27857575?
False
Is 841 a factor of 380653630?
False
Does 182 divide 268195382?
True
Does 71 divide 443105391?
True
Does 67 divide 4272459813?
False
Is 6 a factor of 10415754?
True
Is 93 a factor of 14695023?
True
Is 87316556 a multiple of 253?
False
Is 25 a factor of 61665600?
True
Is 863594193 a multiple of 5?
False
Does 25 divide 221783150?
True
Does 71 divide 186869515?
True
Does 121 divide 58923241?
False
Is 63 a factor of 109955844?
False
Is 584 a factor of 9132829?
False
Does 128 divide 80912640?
True
Is 159 a factor of 171785307?
False
Is 18246175 a multiple of 2033?
True
Is 1480 a factor of 703633440?
True
Is 1026 a factor of 1735552291?
False
Is 155 a factor of 25143325?
True
Is 20309001 a multiple of 1723?
True
Does 12 divide 5386149510?
False
Is 3 a factor of 159544857?
True
Is 2 a factor of 959967053?
False
Is 3 a factor of 228057588?
True
Is 127479814 a multiple of 44?
False
Is 133634 a multiple of 25?
False
Is 1251785 a multiple of 97?
True
Is 106 a factor of 62533798?
False
Is 89 a factor of 1463873335?
True
Does 2147 divide 231350928?
False
Is 61 a factor of 49844710?
False
Is 470696098 a multiple of 16?
False
Does 4 divide 11123796?
True
Does 3498 divide 3385038843?
False
Does 50 divide 1162790150?
True
Does 2 divide 177019237?
False
Is 629343998 a multiple of 5?
False
Does 1256 divide 688105880?
True
Does 166 divide 5190820?
True
Is 31 a factor of 793800986?
False
Does 67 divide 31949888?
True
Does 61 divide 2110999567?
False
Is 168194842 a multiple of 6305?
False
Does 16 divide 2249226128?
True
Does 109 divide 6044377?
True
Does 34 divide 253203109?
False
Does 36 divide 39661445?
False
Is 406329540 a multiple of 9942?
True
Is 40226256 a multiple of 126?
True
Does 560 divide 80507840?
True
Is 36612925 a multiple of 71?
True
Does 6 divide 72486?
True
Is 2375544744 a multiple of 13372?
False
Is 7550480 a multiple of 280?
True
Is 38793812 a multiple of 125?
False
Does 85 divide 21188715?
True
Is 7903319 a multiple of 10?
False
Is 2306475730 a multiple of 4?
False
Is 11807786 a multiple of 143?
False
Is 72 a factor of 151541?
False
Is 235543591 a multiple of 89?
False
Does 17 divide 227822506?
False
Is 13 a factor of 12015237?
True
Is 201575058 a multiple of 122?
False
Does 195 divide 7994847?
False
Is 21 a factor of 146822823?
True
Is 20104755 a multiple of 55?
True
Is 646 a factor of 452267290?
False
Is 1164941238 a multiple of 9?
False
Is 712035840 a multiple of 276?
True
Does 3808 divide 740625346?
False
Is 216914265 a multiple of 23?
True
Is 381579393 a multiple of 1087?
True
Is 4455326381 a multiple of 246?
False
Does 6 divide 1136420994?
True
Is 44198319 a multiple of 3335?
False
Is 383 a factor of 305828947?
True
Does 193 divide 583664038?
True
Does 89 divide 81207005?
False
Is 3645 a factor of 158426280?
True
Is 688 a factor of 31573185?
False
Does 6 divide 8529210?
True
Is 7447192 a multiple of 62?
True
Does 382 divide 168443145?
False
Is 2540 a factor of 1020914900?
True
Does 101 divide 167444466?
True
Is 901 a factor of 813422800?
True
Does 13 divide 249324220?
False
Is 171 a factor of 46271696?
False
Is 3840727 a multiple of 2?
False
Does 253 divide 8292951?
False
Is 211279240 a multiple of 796?
False
Does 6 divide 247328043?
False
Is 189 a factor of 2568309750?
False
Does 119 divide 84045773?
True
Is 19821280 a multiple of 316?
False
Is 422526503 a multiple of 35?
False
Does 138 divide 133646326?
False
Is 1193792 a multiple of 64?
True
Is 3445985 a multiple of 27?
False
Is 1489 a factor of 4131975?
True
Is 5479104850 a multiple of 667?
True
Does 370 divide 593484776?
False
Does 325 divide 36669425?
True
Does 660 divide 397984620?
True
Does 47 divide 16809221?
True
Is 1183962681 a multiple of 1338?
False
Does 2593 divide 260093458?
True
Is 50 a factor of 21957750?
True
Is 17 a factor of 52359240?
False
Is 72 a factor of 1091024928?
True
Is 114 a factor of 2573026512?
True
Does 133 divide 391508921?
False
Is 369734953 a multiple of 5?
False
Is 4258 a factor of 84538332?
True
Is 1810086850 a multiple of 286?
True
Is 7 a factor of 337545705?
True
Does 5 divide 20746235?
True
Does 7 divide 33084073?
False
Is 355 a factor of 34254942?
False
Does 132 divide 3118890?
False
Is 302 a factor of 362402922?
False
Is 248645358 a multiple of 454?
True
Is 43891484 a multiple of 1148?
True
Is 1298 a factor of 147848780?
False
Is 136 a factor of 35545368?
True
Is 235943184 a multiple of 320?
False
Is 897 a factor of 1208045?
False
Does 2239 divide 884219163?
True
Does 15 divide 1951585950?
True
Does 52 divide 79842423?
False
Does 78 divide 10391862?
True
Does 471 divide 320157595?
False
Does 42 divide 22325203?
False
Is 281069176 a multiple of 123?
False
Is 1497 a factor of 235527501?
True
Is 511 a factor of 208169647?
True
Does 3002 divide 91287818?
True
Is 120469224 a multiple of 372?
True
Does 21 divide 23461021?
False
Is 11582329 a multiple of 11?
True
Is 681077334 a multiple of 126?
False
Is 183976735 a multiple of 623?
False
Does 203 divide 124335185?
False
Is 1998983920 a multiple of 1520?
True
Is 587099502 a multiple of 1098?
True
Is 13 a factor of 10794016?
False
Does 11 divide 62836169?
True
Is 38436525 a multiple of 2997?
True
Does 5 divide 962756155?
True
Does 150 divide 155125950?
True
Does 3 divide 57292925?
False
Is 1060 a factor of 525697460?
True
Does 1942 divide 1703644322?
False
Is 90380960 a multiple of 125?
False
Is 1038371950 a multiple of 5?
True
Is 39 a factor of 733592832?
False
Does 3 divide 915232?
False
Is 6105 a factor of 334444110?
True
Is 7928052 a multiple of 1628?
False
Is 521043974 a multiple of 94?
True
Does 1744 divide 1346873760?
True
Is 38912272 a multiple of 155?
False
Does 705 divide 360243